*t - 16488 = -2*c. What are the prime factors of c?
2, 5, 103
Suppose 57*v = 48*v + 81. Let g(w) = 2 + v - 30*w - 8*w. What are the prime factors of g(-5)?
3, 67
Let l(v) = 12847*v**3 + 21*v - 20. List the prime factors of l(1).
2, 11, 73
Suppose -5*f + 36557 = 3*w, 8*w - 5*w = 11*f + 36493. List the prime factors of w.
19, 641
Suppose 4206560 = 101*r + 216757. List the prime factors of r.
39503
Suppose -w = 5*v - 21774, 5*w - 22035 = 4*v + 86777. List the prime factors of w.
2, 5441
Let w be ((-3)/(-2))/((-3)/4). Let g be ((-362)/w)/(7/7). Let x = -67 + g. What are the prime factors of x?
2, 3, 19
Let h be -2*7 - (-20)/(-5 + 0). Let o be h/207 - 180/46. What are the prime factors of 74*14/o*-1?
7, 37
Suppose 3*n + 2*n = 300. Suppose 0 = 4*s - n - 76. Suppose 3*v - 305 = 3*q + s, 0 = -5*v + 4*q + 564. What are the prime factors of v?
2, 7
Suppose 2*h + 2*k - 4 = 0, -3*h + 2 = -4*k - 18. Suppose -22 + 34 = -h*c. What are the prime factors of c + 1 + 1 - -81?
2, 5
Suppose 3*i - 48412 = -5*o, -4*i - 19370 = 25*o - 27*o. List the prime factors of o.
23, 421
Suppose 4*f + 9 = 5*m, 0 = -5*f + m - 1 - 5. Let h(r) = -1106*r**3 - r**2 - r. What are the prime factors of h(f)?
2, 7, 79
Suppose 2*g - 13 = -5*t, -3*g - 6*t + 2*t + 2 = 0. What are the prime factors of (-75)/((6/5)/g)?
3, 5
Let c(h) = -4*h**3 - 252*h**2 + 158*h + 190. What are the prime factors of c(-64)?
2, 3, 359
Let v = 27877 - 12471. What are the prime factors of v?
2, 7703
Let w be 60/12 + (0 - 15/3). Suppose w = 5*b - 3609 - 2371. What are the prime factors of b?
2, 13, 23
Let b = -72 - -272. Suppose -b = -5*j + 5*c, -j - 5*c + 28 = -0*j. List the prime factors of j.
2, 19
Let n be 57/3 - (-1 - -4). Suppose n*h - 16567 = -743. What are the prime factors of h?
23, 43
Suppose 10*h = -11484 + 57753 + 13061. List the prime factors of h.
17, 349
Suppose -3*b = 2*h + 2*b + 94, 2*h + 78 = 3*b. List the prime factors of (h + -10)/((-3)/6).
2, 13
Let g = 3336 + 4004. What are the prime factors of g?
2, 5, 367
Suppose -136621 - 200235 = -52*m. List the prime factors of m.
2, 41, 79
Let v(s) = -s**3 + 60*s**2 - 61*s + 323. List the prime factors of v(59).
5, 41
Let n(r) = 3*r**3 - 4*r**2 - 5*r + 7. Let x(v) = v**2 - 6*v + 7. Let p be x(5). Let m be n(p). Suppose -242 = -m*q + 253. What are the prime factors of q?
3, 11
Suppose -3*l = -l - 16. Suppose -472 - 848 = -l*x. Suppose -o + 4*o + 2*i - 98 = 0, -5*i = 5*o - x. List the prime factors of o.
2
Suppose -2056452 = -44*a - 45*a - 499308. What are the prime factors of a?
2, 3
Suppose -149 = 5*o - 2*y, 36*y = -5*o + 39*y - 146. Let l(i) = i**3 + 32*i**2 - 31*i - 51. What are the prime factors of l(o)?
1871
Let a(w) = 744*w**2 - 129*w - 593. List the prime factors of a(-5).
2, 4663
Let w = -4351 + 17732. What are the prime factors of w?
13381
Suppose -235*n = -230*n - 53815. List the prime factors of n.
47, 229
Let x = -10 - -178. Suppose 3*d = 3*h + d - 259, d = -2*h + x. What are the prime factors of h?
5, 17
Let r = 249 + -240. Let j(z) = z**3 + 3*z**2 + 13*z - 95. What are the prime factors of j(r)?
2, 7, 71
Suppose 5*b + 20 = 15*b. Suppose -h = 0, -1020 = -b*l - 2*l - 3*h. List the prime factors of l.
3, 5, 17
Let x be (2 + 5)*(34/7 - -2). Let c = 59 - x. Suppose -c = -8*a + 13. List the prime factors of a.
3
Let u(j) = -236 + 6*j + 115 + 105 + 3*j**2 - 2*j**2. List the prime factors of u(12).
2, 5
Let k be ((-22)/(-4) - 6)*-18. Let z(o) = -o**2 - 249*o + 2*o**2 + 242*o + 31. List the prime factors of z(k).
7
List the prime factors of 22*(-175171)/(-9086) - (2/14 - 1).
5, 17
Let z = 30974 - 15315. What are the prime factors of z?
7, 2237
Suppose -3*k + 3*v - 18 = 0, -4*v - 28 - 8 = 2*k. Let f be (-2 + (-14)/(-5))/(1/k). List the prime factors of (-6)/(-8) - 986/f.
2, 31
Let b = -21 + 548. Let x = 1276 - b. Suppose -203 = -f - 3*j, 4*f + 3*j - 99 = x. List the prime factors of f.
5, 43
Suppose 5*x - q = 26560, -2424*x - q + 15936 = -2421*x. What are the prime factors of x?
2, 83
Let t(l) = -12*l + 10*l - 11*l - 11. Suppose 5*h - 3 - 2 = -4*v, 4*h - 45 = 5*v. What are the prime factors of t(v)?
2, 3
Let w be 4*(-1)/30*3*20. List the prime factors of w/((-1)/(-18)*-3).
2, 3
Suppose -5711 = -3*n - 4*i, -i - 521 - 1371 = -n. What are the prime factors of n?
7, 271
What are the prime factors of 13/(-1 + 159705/116120 + (-6)/16)?
13, 2903
Let y be -2 + 1 - (4 - 671 - 3). Let t be (y/(-6))/(2/4). Let c = -148 - t. What are the prime factors of c?
3, 5
List the prime factors of ((-288)/480)/((-1)/80855).
3, 103, 157
Suppose 14*s = 8*s. Suppose s = -3*x - 2*x + 10, -3*t + 1168 = -4*x. What are the prime factors of t?
2, 7
Let r = -12749 + 17941. What are the prime factors of r?
2, 11, 59
Let h be (14 - 3) + (0 - 3). Suppose 2 = -n + z + 3, -2*n + h = z. Suppose -247 - 56 = -n*o. List the prime factors of o.
101
Let g(t) be the third derivative of 23*t**4/24 - 11*t**3/6 + 15*t**2. Let u be g(5). Let y = -55 + u. What are the prime factors of y?
7
Let j = 17 + -12. Let g = 19 + -16. Suppose r - 3*a - 15 = -a, j*r - 75 = g*a. List the prime factors of r.
3, 5
Let y(c) = 12*c + 81. Suppose -18*g + 25*g = 14. Suppose -g*o - 5 = -w - 1, -w + 10 = -5*o. What are the prime factors of y(w)?
3
Suppose -40*p + 54249 = -587872 + 60761. List the prime factors of p.
2, 13, 43
Let v = 400 + -198. Suppose 3*i + 362 = 3*q - v, -5*q + 942 = -4*i. List the prime factors of q.
2, 5, 19
Suppose -5*v + 1 = 4*g - 0, 2*g = -v + 5. Suppose g*h = 8*h - 28. Suppose -2*r + h = -69. What are the prime factors of r?
2, 19
List the prime factors of 6644 - 1 - (128 - 119).
2, 31, 107
Let b = 112 - 13. What are the prime factors of b/((-4)/2*(-2)/12)?
3, 11
Let o = -888 - -1039. Let l = -2 + 31. Suppose -m + o = l. List the prime factors of m.
2, 61
Let k = 53306 - 37477. List the prime factors of k.
11, 1439
Suppose 3*k = 2*i - 176 + 1, 60 = i + 4*k. Let w = i + -73. Suppose 0 = -w*z + 517 + 463. What are the prime factors of z?
2, 5, 7
Suppose -10 = -5*d, -71392 = -5*p - 4*d + 20386. List the prime factors of p.
2, 3, 7, 19, 23
Suppose -5*c - 3156 = -9*c - 4*t, -3*c = -4*t - 2332. Let l = c - 545. List the prime factors of l.
239
Let i = -22 - -22. Suppose -11*v + 10*v + 4 = i. Suppose v*d + 3*n - 47 = 0, 7*d - 3*d - 3*n = 65. List the prime factors of d.
2, 7
Let l be 4 - 1 - 22/((-1)/(-1)). Let p = l + 19. Suppose p*h - 2*h = 4*y - 128, -171 = -3*h + y. What are the prime factors of h?
2, 29
Let l = 65 - 65. Suppose 4*s + 2 = 2*q, -3*s + 3*q - 6 = -l. What are the prime factors of 16/72 - (1587/(-27) + s)?
2, 29
Let p(u) = -4913*u**3 - 11*u**2 + 9*u + 8. List the prime factors of p(-1).
13, 29
Let y(s) = 4227*s + 546. List the prime factors of y(11).
3, 5227
What are the prime factors of (-12)/66 + 18342380/308?
3, 13, 509
Suppose -220 = 3*x + 2*x. Let s be (-169)/(-13) + 80 - (-5 + -1). Let p = x + s. What are the prime factors of p?
5, 11
Suppose 4*z = -428 + 220. Let c = 323 - z. List the prime factors of c.
3, 5
Let i be ((-72)/27)/(2/(-6)) - -4. Let h be 403 - (3*8/i - -2). Suppose h = 3*k - 4*u, 0*k - 2*k = -2*u - 266. List the prime factors of k.
7, 19
Let g = -40744 - -68621. What are the prime factors of g?
61, 457
Let w(m) = 70*m - 1636. List the prime factors of w(55).
2, 3, 41
What are the prime factors of ((-72)/84)/((-4)/6356)?
2, 3, 227
Let x = -18262 + 25887. List the prime factors of x.
5, 61
Suppose -1 - 1 = -5*q - 2*y, 1 = y. Suppose q*l + l = 2*n + 3, -3*n - 2*l + 13 = 0. What are the prime factors of n/((5/(-665))/(-1))?
7, 19
Let l = -5722 + 10134. Suppose -l = -10*h - 982. List the prime factors of h.
7
Let i be (0 - 1)/(-4*(-5)/40). What are the prime factors of (-26)/((-1)/(-3 - i))*-19?
2, 13, 19
Let x = -69 - -84. Suppose 3*k + 1805 = 5*m, -x*k - 1444 = -4*m - 18*k. What are the prime factors of m?
19
Suppose -3*w - 2 = -a, -5*w = 6*a - a - 30. Let s be (w*-13 + 2)*(-6)/6. Suppose -s*x + 807 + 755 = 0. List the prime factors of x.
2, 71
Suppose -18*g + 705020 = 145688. What are the prime factors of g?
2, 3, 5179
Let k = -40 - -35. Let f be (-24)/(15/k - -4). List the prime factors of -4 + 1 + (-1 - f) + -2.
2, 3
Suppose -181*a = -166*a - 99615. List the prime factors of a.
29, 229
Suppose -5*c + 4765 = -5*h, -2*c + 0*h + 1918 = h. Suppose -n = 3*g - 